it of n(x)?
1
Let f = -31371 - -61219. What is the ten thousands digit of f?
2
What is the tens digit of (-66 + 69)*18/(-12)*57364/(-18)?
4
Let f(t) = -t**3 + t**2 - t. Let k(j) = 8*j**3 - 2*j**2 - 2*j - 15. Let a(i) = 6*f(i) + k(i). What is the tens digit of a(4)?
4
Suppose -13*n + 156220 - 54971 = -114447. What is the tens digit of n?
9
Suppose 0 = -4*o + 20, -106*x = -111*x - 5*o + 94475. What is the thousands digit of x?
8
Let j = 98 - 122. Let t be (-18)/j - (-975)/(-4). Let c = 407 + t. What is the units digit of c?
4
Let l = 63 - 60. Suppose -l*x = -t + 4*t - 120, -3*t + 128 = -x. What is the units digit of t?
2
Let h = -1997 + 4741. What is the units digit of h?
4
Let f be (-423)/(-33) - (210/55 - 4). Suppose f*n + 8151 = 26*n. What is the tens digit of n?
2
Suppose 0 = 83*x + 3*x - 16*x - 1171170. What is the units digit of x?
1
Let b = 4487 - 1851. What is the thousands digit of b?
2
Suppose -116 = r - 30*r. Suppose -3*f + r*a = -2331, 5*a - 3885 = -8*f + 3*f. What is the tens digit of f?
7
Let f = 62 + -45. Suppose f*s - 19*s = 922. Let v = -327 - s. What is the units digit of v?
4
What is the units digit of 10166/(-8)*(8/2)/((-62)/124)?
6
Let s(u) = -49*u + 25*u + 22*u. Let i be s(0). What is the units digit of 42 + i - (-12)/6?
4
Let q(w) = -5281*w**3 + 19*w**2 + 23*w + 4. What is the thousands digit of q(-1)?
5
Let o = 60559 - 35069. What is the units digit of o?
0
Let x be (32 + -28 - 31/(-2))*42. Suppose -4*w + x = 4*v - 221, w = -4*v + 1028. What is the tens digit of v?
5
Let f(r) = 3*r**3 + 138*r**2 - 15*r + 79. What is the tens digit of f(-46)?
6
Let g be 40 + 1 + (3 - 2) + -3. Suppose -3*m = -g + 3. Let p(i) = 2*i**2 - 13*i - 5. What is the hundreds digit of p(m)?
1
Suppose 0 = -2*b + 1 + 7. Let p(t) = -1. Let c(m) = -14*m**2 - 5*m + 10. Let d(w) = -c(w) + 5*p(w). What is the units digit of d(b)?
9
Let d = 4118 - 17638. What is the units digit of ((-4)/5)/(26/d)?
6
What is the tens digit of (-160)/(-48)*(6234 + (9/3 - 6))?
7
Let u be (10576/4)/4 + -4 + 0. Suppose 3*o - g = u, 5*g + 1095 = 5*o - 0*g. What is the units digit of o?
9
Let i = -834 - -1983. What is the hundreds digit of i?
1
Let n(v) be the second derivative of -v**3/6 + 9*v**2 - 2*v. Let q be n(21). What is the units digit of (-2 + 24 + q)/((-3)/(-33))?
9
Suppose -3*h + 4*t = -17677, -2*h = -89*t + 85*t - 11790. What is the thousands digit of h?
5
Let b = -131 + 229. Suppose 16 = -4*d, -2*s - d + b = d. Let k = s + -45. What is the units digit of k?
8
Suppose 0 = 3*u + 2*f - 179433, 417*f = 415*f + 18. What is the thousands digit of u?
9
Let t(q) be the first derivative of -q**3/3 + 21*q**2/2 - 35*q - 14. Let x be t(19). Suppose x*k - 155 = y, -2*y - 215 = -4*k + y. What is the units digit of k?
0
Let i be ((-1)/(-3))/(4 - (-10460)/(-2616)). Suppose i = 18*j + 20. What is the units digit of j?
1
Let u = 17932 + -8816. What is the tens digit of u?
1
Let k = 10451 - -2892. What is the hundreds digit of k?
3
Suppose -113 = -5*l - 3*v, -2*v = l + v - 13. Suppose -7*u + 12*u = l, -b + 921 = 2*u. What is the hundreds digit of b?
9
Suppose 6*a + 0*a = 0. Suppose 2*s + 3*v = -a*s + 2089, 5*s + 4*v - 5240 = 0. Suppose -s + 237 = -5*b. What is the tens digit of b?
6
Suppose -72099 = -2*p - 6*p + 349061. What is the ten thousands digit of p?
5
Let k = 3 - 0. Suppose -5*c + 20 = 4*z - 22, 2*z + 4*c - 30 = 0. Suppose k*q = -5*g + 285, -6*g = z*q - 5*g - 297. What is the hundreds digit of q?
1
Suppose y - 3*y + 312 = 2*o, 0 = -o - 2*y + 154. Suppose -8*k + 6*k - 4*f = -o, 9 = -3*f. What is the tens digit of k?
8
Suppose 19*a - 6387 = 5488. What is the units digit of a?
5
Suppose -4*r = -3*j - 3056, 0 = -5*j - 3*r - 0*r - 5132. Let d = j + 2026. What is the thousands digit of d?
1
Let f(q) = 69*q**3 - 2*q**2 + 53*q - 107. What is the ten thousands digit of f(10)?
6
Suppose -57*r - 13*r = -7*r - 1802997. What is the tens digit of r?
1
Let h = -5728 - -9942. What is the tens digit of h?
1
Let u(n) = 31*n - 11 + n**2 + 29 + 5 + 6. Let t(f) = -f**2 - 31*f - 29. Let w(g) = -4*t(g) - 5*u(g). What is the hundreds digit of w(-24)?
1
Let u(z) = 23*z**2 + 63*z - 2438. What is the ten thousands digit of u(-60)?
7
Let t(d) be the third derivative of -131/24*d**4 + 0*d + 1/6*d**3 + 0 - 17*d**2. What is the hundreds digit of t(-1)?
1
Let j(g) = -6*g**2 - 545*g - 153. What is the units digit of j(-89)?
6
Suppose -10*y + 6484 = 3*i - 9*y, -4*i + 2*y + 8642 = 0. What is the units digit of i?
1
Let k(n) = 36*n**2 - n + 1. Let m(z) = -z**3 + 10*z**2 - z + 15. Let r be m(10). Suppose r*d - 4 = q - 31, -5*d = 25. What is the tens digit of k(q)?
4
Suppose 5*k = 4*v - 56, -7*v = -4*v + 2*k - 19. Suppose -v*y + 1265 + 1426 = 0. What is the hundreds digit of y?
2
Let a = -185 - -210. Suppose 0 = 3*t + 177 - 72. Let o = a - t. What is the units digit of o?
0
Let t be (-3)/7 + ((-288)/(-63))/(-1). What is the units digit of t/((-30)/81)*(32 - 0)?
2
Let k(v) = 10*v**2 + 57*v - 81. What is the hundreds digit of k(12)?
0
Let w = 39110 + -22172. What is the units digit of w?
8
Suppose -42779 = -140*o + 129*o. What is the thousands digit of o?
3
Suppose 5*s - 2832 = s. Suppose -3*d = -6*d + 2*h + 531, -4*d - 4*h = -s. Suppose -9*a + 732 = -d. What is the hundreds digit of a?
1
Suppose -1080 = 8*q - 1256. Suppose -1861 = -q*w + 97. What is the tens digit of w?
8
Let o = -1422 - -576. Let g = o + -11178. What is the hundreds digit of (-4)/22 + g/(-66)?
1
Let g(u) = -13*u**3 - 100*u**2 - 58*u + 82. What is the tens digit of g(-14)?
6
Suppose 20*y - 5*y = 75. Suppose y*q + 1324 = 2*i, -6*i + q = -10*i + 2692. What is the hundreds digit of i?
6
Let f(o) = -2*o - 18*o + 13 - 10*o + o**2 + 6*o. Let c be f(18). Let l = -42 - c. What is the tens digit of l?
5
Let b(n) be the second derivative of 7*n**3 - 85*n**2/2 - 33*n. What is the units digit of b(11)?
7
Let t = -107900 + 158994. What is the thousands digit of t?
1
Let i(a) = 2 + 1 - 75*a**2 + 119*a**2 - 3*a. What is the hundreds digit of i(-5)?
1
Let u(v) = -89*v**2 + 4. Let d(g) = -266*g**2 - g + 13. Let p(z) = -3*d(z) + 8*u(z). What is the units digit of p(2)?
3
Let v be 20*(3 + -12)/(-18). What is the tens digit of 2376/v + (-6)/120*-8?
3
Suppose -5*t - 3*i = -34057, 6258 = 2*t + 2*i - 7368. What is the units digit of t?
9
Suppose 14 = 12*f + 2*f. What is the units digit of (-3724)/(-8)*(1 + f)?
1
Let q be ((-31)/(-2))/((-13)/(-26)). Suppose -196 = q*a - 35*a. Suppose 4*f - 4*d - 260 = 0, -f - d = 2*d - a. What is the units digit of f?
1
Let m be ((-78)/(-4))/(1/2). Suppose 3*u = 2*n - m, 5*n + 4*u - u - 45 = 0. Let a = 47 - n. What is the tens digit of a?
3
Suppose 15888 = 2*v - 3*s, -2*v - s = -2*s - 15880. What is the tens digit of v?
3
Suppose -4*j + 6*j - 5*k + 508 = 0, -5*k = 3*j + 812. Let l = 945 + j. What is the hundreds digit of l?
6
Suppose 4*i - 18 = 5*u, 8*i = 6*i + 5*u + 14. Suppose -1413 = -i*r - 217. What is the hundreds digit of r?
5
Suppose 0 = -4*d - 105 + 317. Suppose 15*g = -12 - 48. Let h = g + d. What is the tens digit of h?
4
Let g = 558 - 782. Let d be ((-60)/8)/(12/g). Suppose -d = -m - 2*w - 3*w, -5*m - 4*w = -700. What is the units digit of m?
0
Let d = -952 - -960. What is the hundreds digit of -1*(4096/(-2))/d?
2
Let k(w) be the first derivative of 13*w**5/40 + 37*w**4/24 + 37*w**3/3 - 19. Let y(f) be the third derivative of k(f). What is the hundreds digit of y(5)?
2
Let z = -41497 - -58681. What is the hundreds digit of z?
1
Suppose 4*t + 12682 + 4405 = 3*k, -3*k = -5*t - 17086. What is the thousands digit of k?
5
What is the thousands digit of 2140 - (4 - 48/8 - -6)?
2
Let l(j) be the second derivative of 119*j**3/2 + 48*j**2 + 38*j + 1. What is the tens digit of l(4)?
2
Suppose 3*f + u = 59933, -5*f - 2107 + 102000 = 4*u. What is the hundreds digit of f?
9
What is the thousands digit of (-3 + 4/(-4) - -30793) + 30/6?
0
Suppose 10*n = n + 17100. What is the hundreds digit of n?
9
Suppose -21*i + 17*i + 208 = 0. Let a = 49 - i. What is the units digit of (-2)/(30/a) - 116/(-20)?
6
Let p(j) = 3*j + 3. Let l be p(-8). Let b = 73 - l. What is the units digit of b?
4
Let t = -40559 - -76660. What is the tens digit of t?
0
Suppose -970 - 1740 = -2*g. Suppose 2*f + g - 375 = 0. What is the units digit of (-1 + (-1)/1)*f/20?
9
Su